der when 1554995 is divided by 708?
227
Calculate the remainder when 3741781 is divided by 2265.
1
What is the remainder when 17611301 is divided by 29?
7
Calculate the remainder when 271554 is divided by 45253.
36
What is the remainder when 622239 is divided by 772?
7
What is the remainder when 74679 is divided by 74583?
96
Calculate the remainder when 1576317 is divided by 6.
3
What is the remainder when 28863244 is divided by 96?
76
What is the remainder when 114245919 is divided by 80?
79
Calculate the remainder when 80569 is divided by 9167.
7233
What is the remainder when 226525 is divided by 183?
154
What is the remainder when 91761679 is divided by 30587218?
25
Calculate the remainder when 1148752 is divided by 382906.
34
Calculate the remainder when 8870518 is divided by 2217592.
150
What is the remainder when 2617253 is divided by 9587?
2
Calculate the remainder when 148247 is divided by 1343.
517
Calculate the remainder when 23915 is divided by 23874.
41
Calculate the remainder when 40602326 is divided by 34.
2
What is the remainder when 17851034 is divided by 261?
200
What is the remainder when 1888473 is divided by 231?
48
Calculate the remainder when 12069 is divided by 418.
365
What is the remainder when 2373060 is divided by 820?
800
What is the remainder when 710710 is divided by 25380?
70
Calculate the remainder when 168614 is divided by 1270.
974
What is the remainder when 171821 is divided by 4959?
3215
Calculate the remainder when 236874 is divided by 231.
99
Calculate the remainder when 1596324 is divided by 798160.
4
Calculate the remainder when 771721092 is divided by 1859.
1858
What is the remainder when 4232465 is divided by 427?
41
What is the remainder when 16334912 is divided by 294?
272
Calculate the remainder when 92762663 is divided by 164.
163
Calculate the remainder when 3201682 is divided by 31389.
4
What is the remainder when 4228834 is divided by 111285?
4
Calculate the remainder when 14755 is divided by 215.
135
What is the remainder when 79340300 is divided by 1?
0
What is the remainder when 7548284 is divided by 23?
6
Calculate the remainder when 124345 is divided by 2715.
2170
What is the remainder when 7048887 is divided by 56?
55
Calculate the remainder when 2897 is divided by 2492.
405
Calculate the remainder when 1775450 is divided by 1544.
1394
Calculate the remainder when 8185 is divided by 5676.
2509
What is the remainder when 2010588 is divided by 62830?
28
Calculate the remainder when 67458 is divided by 22233.
759
Calculate the remainder when 510951 is divided by 2747.
9
What is the remainder when 343484 is divided by 224?
92
Calculate the remainder when 229957 is divided by 991.
45
What is the remainder when 73871 is divided by 31467?
10937
What is the remainder when 1781180 is divided by 610?
590
What is the remainder when 1903901 is divided by 15998?
139
What is the remainder when 11944 is divided by 10813?
1131
What is the remainder when 12852652 is divided by 11663?
26
Calculate the remainder when 21162266 is divided by 777.
671
What is the remainder when 3580524 is divided by 35805?
24
Calculate the remainder when 12329 is divided by 10715.
1614
Calculate the remainder when 2768873 is divided by 6423.
560
What is the remainder when 3368848 is divided by 382?
372
What is the remainder when 3246099 is divided by 1100?
1099
Calculate the remainder when 56204 is divided by 1483.
1333
What is the remainder when 288527687 is divided by 110?
107
What is the remainder when 17932191 is divided by 752?
751
Calculate the remainder when 105554 is divided by 2453.
75
What is the remainder when 1014179 is divided by 490?
369
Calculate the remainder when 171177 is divided by 5316.
1065
What is the remainder when 1462295 is divided by 700?
695
Calculate the remainder when 1651580 is divided by 32366.
914
What is the remainder when 68257773 is divided by 4515?
3
What is the remainder when 2362034 is divided by 2361912?
122
Calculate the remainder when 5298558 is divided by 1938.
66
Calculate the remainder when 4446859 is divided by 820.
819
What is the remainder when 1259428 is divided by 100?
28
Calculate the remainder when 155985 is divided by 51839.
468
What is the remainder when 667566889 is divided by 4139?
4135
Calculate the remainder when 523395 is divided by 74769.
12
What is the remainder when 15896540 is divided by 214?
192
What is the remainder when 61415 is divided by 488?
415
What is the remainder when 1066660 is divided by 209?
133
Calculate the remainder when 119699148 is divided by 745.
743
What is the remainder when 2335780 is divided by 73?
72
Calculate the remainder when 23716103 is divided by 5031.
5000
Calculate the remainder when 65973 is divided by 10973.
135
Calculate the remainder when 60162801 is divided by 438.
435
What is the remainder when 245875 is divided by 1479?
361
Calculate the remainder when 69538684 is divided by 16.
12
Calculate the remainder when 252329 is divided by 1830.
1619
Calculate the remainder when 181984303 is divided by 714.
697
What is the remainder when 5293 is divided by 4133?
1160
What is the remainder when 477798 is divided by 1206?
222
Calculate the remainder when 8047399 is divided by 4023697.
5
What is the remainder when 664446 is divided by 128?
126
Calculate the remainder when 357865938 is divided by 446.
444
Calculate the remainder when 183316 is divided by 5364.
940
What is the remainder when 760510 is divided by 3006?
2998
What is the remainder when 2829172 is divided by 28869?
10
Calculate the remainder when 626083 is divided by 20.
3
Calculate the remainder when 73842484 is divided by 6712950.
34
What is the remainder when 136125 is divided by 13586?
265
Calculate the remainder when 1853651 is divided by 218.
215
What is the remainder when 644005 is divided by 131?
9
Calculate the remainder when 743047 is divided by 275.
272
Calculate the remainder when 362504461 is divided by 74.
69
What is the remainder when 31549290 is divided by 225352?
10
Calculate the remainder when 346262 is divided by 38432.
374
What is the remainder when 745562 is divided by 91?
90
What is the remainder when 6040296 is divided by 775?
721
What is the remainder when 34668070 is divided by 2039298?
4
What is the remainder when 433884 is divided by 46?
12
What is the remainder when 143305947 is divided by 277?
274
What is the remainder when 283793 is divided by 30651?
7934
What is the remainder when 44259228 is divided by 1526180?
8
Calculate the remainder when 720549 is divided by 26687.
0
Calculate the remainder when 98823 is divided by 2296.
95
Calculate the remainder when 11849956 is divided by 176865.
1
Calculate the remainder when 34367869 is divided by 121.
118
What is the remainder when 3010919 is divided by 15?
14
Calculate the remainder when 130140952 is divided by 6197188.
4
What is the remainder when 610534 is divided by 12982?
380
Calculate the remainder when 12242714 is divided by 26.
16
Calculate the remainder when 5549344 is divided by 12.
4
What is the remainder when 356096 is divided by 270?
236
Calculate the remainder when 5333197 is divided by 19826.
3
What is the remainder when 3419155 is divided by 167?
164
Calculate the remainder when 114248 is divided by 2925.
173
What is the remainder when 31153046 is divided by 157?
7
What is the remainder when 2839321 is divided by 42377?
62
What is the remainder when 26669765 is divided by 13334863?
39
What is the remainder when 28968862 is divided by 12?
10
What is the remainder when 508683 is divided by 31746?
747
Calculate the remainder when 588331 is divided by 915.
901
Calculate the remainder when 37875 is divided by 1995.
1965
What is the remainder when 49416 is divided by 1571?
715
What is the remainder when 1838755 is divided by 145?
10
Calculate the remainder when 19152859 is divided by 47.
30
What is the remainder when 7308102 is divided by 2948?
10
What is the remainder when 35614 is divided by 11655?
649
Calculate the remainder when 291714 is divided by 1934.
1614
Calculate the remainder when 9243210 is divided by 237.
210
Calculate the remainder when 719626 is divided by 180.
166
What is the remainder when 395324 is divided by 197623?
78
Calculate the remainder when 5019324 is divided by 15